{"id":679,"date":"2025-02-18T17:48:42","date_gmt":"2025-02-18T16:48:42","guid":{"rendered":"https:\/\/www.park-indigo.ch\/secteur\/vermietung-von-fahrzeugen\/"},"modified":"2025-03-24T09:27:55","modified_gmt":"2025-03-24T08:27:55","slug":"vermietung-von-fahrzeugen","status":"publish","type":"secteur","link":"https:\/\/www.park-indigo.ch\/de\/secteur\/vermietung-von-fahrzeugen\/","title":{"rendered":"Langsamverkehrs"},"content":{"rendered":"\r\n<section class=\"gut-block gut-hero-simple type-image\" >\r\n\t<div class=\"bg\">\r\n\t\t<div class=\"wrap\"><\/div>\r\n\t<\/div>\r\n\r\n\t<div class=\"wrap\">\r\n\t\t\t\t\t<div class=\"grid-container\">\r\n\t\t\t\t<div class=\"grid-el-md-5 contents\">\r\n\t\t\t\t\t<nav class=\"breadcrumb\" role=\"navigation\" aria-label=\"Fil d\u2019Arianne :\">\r\n\t<ul class=\"breadcrumb-list\">\r\n\t\t<li class=\"breadcrumb-item\">\r\n\t\t\t<a href=\"https:\/\/www.park-indigo.ch\/de\/\">Startseite<\/a>\r\n\t\t<\/li>\r\n\r\n\t\t\t\t\t\t\r\n\t\t\t\t<li class=\"breadcrumb-item\" aria-current=\"page\">\r\n\t\t\t\t\tLangsamverkehrs\t\t\t\t<\/li>\r\n\t\t\t\t\t\t<\/ul>\r\n<\/nav>\r\n\t\t\t\t\t<div class=\"content-part\">\r\n\t\t\t\t\t\t\r\n\t\t\t\t\t\t\t\t\t\t\t\t\t<h1 class=\"block-title titre-h2\">Langsamverkehrs<\/h1>\r\n\t\t\t\t\t\t\r\n\t\t\t\t\t\t<div class=\"textes\">\r\n\t\t\t\t\t\t\t\t\t\t\t\t\t\t\t<div class=\"texte wysiwyg-content\">\r\n\t\t\t\t\t\t\t\t\t<p>Um den Verkehr zu verfl\u00fcssigen und zu einer ruhigeren Stadt beizutragen, macht INDIGO Schweiz die Langsamverkehr zu einem Entwicklungs- und Begleitbereich f\u00fcr seine Kunden. So bieten wir mehrere L\u00f6sungen f\u00fcr die gemeinsame Mobilit\u00e4t mit Partnern wie Mobility oder dem TCS an.<\/p>\r\n\t\t\t\t\t\t\t\t<\/div>\r\n\t\t\t\t\t\t\t\r\n\t\t\t\t\t\t\t\t\t\t\t\t\t<\/div>\r\n\r\n\t\t\t\t\t\t\t\t\t\t\t<\/div>\r\n\t\t\t\t<\/div>\r\n\r\n\t\t\t\t\t\t\t\t\t<div class=\"img-part grid-el-md-6\">\r\n\t\t\t\t\t\t<figure class=\"img\">\r\n\t\t\t\t\t\t\t<img loading=\"lazy\" decoding=\"async\" width=\"1440\" height=\"1080\" src=\"https:\/\/www.park-indigo.ch\/wp-content\/uploads\/sites\/8\/2025\/03\/1-Photo-lancement-Smargo-21-mai-1.jpg\" class=\"attachment-banner size-banner\" alt=\"\" srcset=\"https:\/\/www.park-indigo.ch\/wp-content\/uploads\/sites\/8\/2025\/03\/1-Photo-lancement-Smargo-21-mai-1.jpg 1440w, https:\/\/www.park-indigo.ch\/wp-content\/uploads\/sites\/8\/2025\/03\/1-Photo-lancement-Smargo-21-mai-1-300x225.jpg 300w, https:\/\/www.park-indigo.ch\/wp-content\/uploads\/sites\/8\/2025\/03\/1-Photo-lancement-Smargo-21-mai-1-1024x768.jpg 1024w, https:\/\/www.park-indigo.ch\/wp-content\/uploads\/sites\/8\/2025\/03\/1-Photo-lancement-Smargo-21-mai-1-768x576.jpg 768w\" sizes=\"(max-width: 1440px) 100vw, 1440px\" \/>\t\t\t\t\t\t<\/figure>\r\n\t\t\t\t\t<\/div>\r\n\t\t\t\t\r\n\t\t\t\t\t\t\t<\/div>\r\n\t\t\r\n\t\t\t<\/div>\r\n<\/section>","protected":false},"featured_media":0,"template":"","meta":{"_acf_changed":false,"inline_featured_image":false,"footnotes":""},"class_list":["post-679","secteur","type-secteur","status-publish","hentry"],"acf":[],"yoast_head":"<!-- This site is optimized with the Yoast SEO plugin v27.2 - https:\/\/yoast.com\/product\/yoast-seo-wordpress\/ -->\n<title>Langsamverkehrs - INDIGO Suisse<\/title>\n<meta name=\"robots\" content=\"index, follow, max-snippet:-1, max-image-preview:large, max-video-preview:-1\" \/>\n<link rel=\"canonical\" href=\"https:\/\/www.park-indigo.ch\/de\/secteur\/vermietung-von-fahrzeugen\/\" \/>\n<meta property=\"og:locale\" content=\"de_DE\" \/>\n<meta property=\"og:type\" content=\"article\" \/>\n<meta property=\"og:title\" content=\"Langsamverkehrs - INDIGO Suisse\" \/>\n<meta property=\"og:url\" content=\"https:\/\/www.park-indigo.ch\/de\/secteur\/vermietung-von-fahrzeugen\/\" \/>\n<meta property=\"og:site_name\" content=\"INDIGO Suisse\" \/>\n<meta property=\"article:modified_time\" content=\"2025-03-24T08:27:55+00:00\" \/>\n<meta name=\"twitter:card\" content=\"summary_large_image\" \/>\n<meta name=\"twitter:label1\" content=\"Gesch\u00e4tzte Lesezeit\" \/>\n\t<meta name=\"twitter:data1\" content=\"1\u00a0Minute\" \/>\n<script type=\"application\/ld+json\" class=\"yoast-schema-graph\">{\"@context\":\"https:\/\/schema.org\",\"@graph\":[{\"@type\":\"WebPage\",\"@id\":\"https:\/\/www.park-indigo.ch\/de\/secteur\/vermietung-von-fahrzeugen\/\",\"url\":\"https:\/\/www.park-indigo.ch\/de\/secteur\/vermietung-von-fahrzeugen\/\",\"name\":\"Langsamverkehrs - INDIGO Suisse\",\"isPartOf\":{\"@id\":\"https:\/\/www.park-indigo.ch\/de\/#website\"},\"datePublished\":\"2025-02-18T16:48:42+00:00\",\"dateModified\":\"2025-03-24T08:27:55+00:00\",\"breadcrumb\":{\"@id\":\"https:\/\/www.park-indigo.ch\/de\/secteur\/vermietung-von-fahrzeugen\/#breadcrumb\"},\"inLanguage\":\"de\",\"potentialAction\":[{\"@type\":\"ReadAction\",\"target\":[\"https:\/\/www.park-indigo.ch\/de\/secteur\/vermietung-von-fahrzeugen\/\"]}]},{\"@type\":\"BreadcrumbList\",\"@id\":\"https:\/\/www.park-indigo.ch\/de\/secteur\/vermietung-von-fahrzeugen\/#breadcrumb\",\"itemListElement\":[{\"@type\":\"ListItem\",\"position\":1,\"name\":\"Accueil\",\"item\":\"https:\/\/www.park-indigo.ch\/de\/\"},{\"@type\":\"ListItem\",\"position\":2,\"name\":\"Langsamverkehrs\"}]},{\"@type\":\"WebSite\",\"@id\":\"https:\/\/www.park-indigo.ch\/de\/#website\",\"url\":\"https:\/\/www.park-indigo.ch\/de\/\",\"name\":\"INDIGO Suisse\",\"description\":\"\",\"publisher\":{\"@id\":\"https:\/\/www.park-indigo.ch\/de\/#organization\"},\"potentialAction\":[{\"@type\":\"SearchAction\",\"target\":{\"@type\":\"EntryPoint\",\"urlTemplate\":\"https:\/\/www.park-indigo.ch\/de\/?s={search_term_string}\"},\"query-input\":{\"@type\":\"PropertyValueSpecification\",\"valueRequired\":true,\"valueName\":\"search_term_string\"}}],\"inLanguage\":\"de\"},{\"@type\":\"Organization\",\"@id\":\"https:\/\/www.park-indigo.ch\/de\/#organization\",\"name\":\"INDIGO Suisse\",\"url\":\"https:\/\/www.park-indigo.ch\/de\/\",\"logo\":{\"@type\":\"ImageObject\",\"inLanguage\":\"de\",\"@id\":\"https:\/\/www.park-indigo.ch\/de\/#\/schema\/logo\/image\/\",\"url\":\"https:\/\/www.park-indigo.ch\/wp-content\/uploads\/sites\/8\/2025\/01\/login-logo.svg\",\"contentUrl\":\"https:\/\/www.park-indigo.ch\/wp-content\/uploads\/sites\/8\/2025\/01\/login-logo.svg\",\"width\":223,\"height\":49,\"caption\":\"INDIGO Suisse\"},\"image\":{\"@id\":\"https:\/\/www.park-indigo.ch\/de\/#\/schema\/logo\/image\/\"}}]}<\/script>\n<!-- \/ Yoast SEO plugin. -->","yoast_head_json":{"title":"Langsamverkehrs - INDIGO Suisse","robots":{"index":"index","follow":"follow","max-snippet":"max-snippet:-1","max-image-preview":"max-image-preview:large","max-video-preview":"max-video-preview:-1"},"canonical":"https:\/\/www.park-indigo.ch\/de\/secteur\/vermietung-von-fahrzeugen\/","og_locale":"de_DE","og_type":"article","og_title":"Langsamverkehrs - INDIGO Suisse","og_url":"https:\/\/www.park-indigo.ch\/de\/secteur\/vermietung-von-fahrzeugen\/","og_site_name":"INDIGO Suisse","article_modified_time":"2025-03-24T08:27:55+00:00","twitter_card":"summary_large_image","twitter_misc":{"Gesch\u00e4tzte Lesezeit":"1\u00a0Minute"},"schema":{"@context":"https:\/\/schema.org","@graph":[{"@type":"WebPage","@id":"https:\/\/www.park-indigo.ch\/de\/secteur\/vermietung-von-fahrzeugen\/","url":"https:\/\/www.park-indigo.ch\/de\/secteur\/vermietung-von-fahrzeugen\/","name":"Langsamverkehrs - INDIGO Suisse","isPartOf":{"@id":"https:\/\/www.park-indigo.ch\/de\/#website"},"datePublished":"2025-02-18T16:48:42+00:00","dateModified":"2025-03-24T08:27:55+00:00","breadcrumb":{"@id":"https:\/\/www.park-indigo.ch\/de\/secteur\/vermietung-von-fahrzeugen\/#breadcrumb"},"inLanguage":"de","potentialAction":[{"@type":"ReadAction","target":["https:\/\/www.park-indigo.ch\/de\/secteur\/vermietung-von-fahrzeugen\/"]}]},{"@type":"BreadcrumbList","@id":"https:\/\/www.park-indigo.ch\/de\/secteur\/vermietung-von-fahrzeugen\/#breadcrumb","itemListElement":[{"@type":"ListItem","position":1,"name":"Accueil","item":"https:\/\/www.park-indigo.ch\/de\/"},{"@type":"ListItem","position":2,"name":"Langsamverkehrs"}]},{"@type":"WebSite","@id":"https:\/\/www.park-indigo.ch\/de\/#website","url":"https:\/\/www.park-indigo.ch\/de\/","name":"INDIGO Suisse","description":"","publisher":{"@id":"https:\/\/www.park-indigo.ch\/de\/#organization"},"potentialAction":[{"@type":"SearchAction","target":{"@type":"EntryPoint","urlTemplate":"https:\/\/www.park-indigo.ch\/de\/?s={search_term_string}"},"query-input":{"@type":"PropertyValueSpecification","valueRequired":true,"valueName":"search_term_string"}}],"inLanguage":"de"},{"@type":"Organization","@id":"https:\/\/www.park-indigo.ch\/de\/#organization","name":"INDIGO Suisse","url":"https:\/\/www.park-indigo.ch\/de\/","logo":{"@type":"ImageObject","inLanguage":"de","@id":"https:\/\/www.park-indigo.ch\/de\/#\/schema\/logo\/image\/","url":"https:\/\/www.park-indigo.ch\/wp-content\/uploads\/sites\/8\/2025\/01\/login-logo.svg","contentUrl":"https:\/\/www.park-indigo.ch\/wp-content\/uploads\/sites\/8\/2025\/01\/login-logo.svg","width":223,"height":49,"caption":"INDIGO Suisse"},"image":{"@id":"https:\/\/www.park-indigo.ch\/de\/#\/schema\/logo\/image\/"}}]}},"_links":{"self":[{"href":"https:\/\/www.park-indigo.ch\/de\/wp-json\/wp\/v2\/secteur\/679","targetHints":{"allow":["GET"]}}],"collection":[{"href":"https:\/\/www.park-indigo.ch\/de\/wp-json\/wp\/v2\/secteur"}],"about":[{"href":"https:\/\/www.park-indigo.ch\/de\/wp-json\/wp\/v2\/types\/secteur"}],"version-history":[{"count":7,"href":"https:\/\/www.park-indigo.ch\/de\/wp-json\/wp\/v2\/secteur\/679\/revisions"}],"predecessor-version":[{"id":961,"href":"https:\/\/www.park-indigo.ch\/de\/wp-json\/wp\/v2\/secteur\/679\/revisions\/961"}],"wp:attachment":[{"href":"https:\/\/www.park-indigo.ch\/de\/wp-json\/wp\/v2\/media?parent=679"}],"curies":[{"name":"wp","href":"https:\/\/api.w.org\/{rel}","templated":true}]}}

<section class="gut-block gut-hero-simple type-image" >
	<div class="bg">
		<div class="wrap"></div>
	</div>

	<div class="wrap">
					<div class="grid-container">
				<div class="grid-el-md-5 contents">
					<nav class="breadcrumb" role="navigation" aria-label="Fil d’Arianne :">
	<ul class="breadcrumb-list">
		<li class="breadcrumb-item">
			<a href="https://www.park-indigo.ch/de/">Startseite</a>
		</li>

						
				<li class="breadcrumb-item" aria-current="page">
					Langsamverkehrs				</li>
						</ul>
</nav>
					<div class="content-part">
						
													<h1 class="block-title titre-h2">Langsamverkehrs</h1>
						
						<div class="textes">
															<div class="texte wysiwyg-content">
									<p>Um den Verkehr zu verflüssigen und zu einer ruhigeren Stadt beizutragen, macht INDIGO Schweiz die Langsamverkehr zu einem Entwicklungs- und Begleitbereich für seine Kunden. So bieten wir mehrere Lösungen für die gemeinsame Mobilität mit Partnern wie Mobility oder dem TCS an.</p>
								</div>
							
													</div>

											</div>
				</div>

									<div class="img-part grid-el-md-6">
						<figure class="img">
							<img loading="lazy" decoding="async" width="1440" height="1080" src="https://www.park-indigo.ch/wp-content/uploads/sites/8/2025/03/1-Photo-lancement-Smargo-21-mai-1.jpg" class="attachment-banner size-banner" alt="" srcset="https://www.park-indigo.ch/wp-content/uploads/sites/8/2025/03/1-Photo-lancement-Smargo-21-mai-1.jpg 1440w, https://www.park-indigo.ch/wp-content/uploads/sites/8/2025/03/1-Photo-lancement-Smargo-21-mai-1-300x225.jpg 300w, https://www.park-indigo.ch/wp-content/uploads/sites/8/2025/03/1-Photo-lancement-Smargo-21-mai-1-1024x768.jpg 1024w, https://www.park-indigo.ch/wp-content/uploads/sites/8/2025/03/1-Photo-lancement-Smargo-21-mai-1-768x576.jpg 768w" sizes="(max-width: 1440px) 100vw, 1440px" />						</figure>
					</div>
				
							</div>
		
			</div>
</section>

<!-- This site is optimized with the Yoast SEO plugin v27.2 - https://yoast.com/product/yoast-seo-wordpress/ -->
<title>Langsamverkehrs - INDIGO Suisse</title>
<meta name="robots" content="index, follow, max-snippet:-1, max-image-preview:large, max-video-preview:-1" />
<link rel="canonical" href="https://www.park-indigo.ch/de/secteur/vermietung-von-fahrzeugen/" />
<meta property="og:locale" content="de_DE" />
<meta property="og:type" content="article" />
<meta property="og:title" content="Langsamverkehrs - INDIGO Suisse" />
<meta property="og:url" content="https://www.park-indigo.ch/de/secteur/vermietung-von-fahrzeugen/" />
<meta property="og:site_name" content="INDIGO Suisse" />
<meta property="article:modified_time" content="2025-03-24T08:27:55+00:00" />
<meta name="twitter:card" content="summary_large_image" />
<meta name="twitter:label1" content="Geschätzte Lesezeit" />
	<meta name="twitter:data1" content="1 Minute" />
<script type="application/ld+json" class="yoast-schema-graph">{"@context":"https://schema.org","@graph":[{"@type":"WebPage","@id":"https://www.park-indigo.ch/de/secteur/vermietung-von-fahrzeugen/","url":"https://www.park-indigo.ch/de/secteur/vermietung-von-fahrzeugen/","name":"Langsamverkehrs - INDIGO Suisse","isPartOf":{"@id":"https://www.park-indigo.ch/de/#website"},"datePublished":"2025-02-18T16:48:42+00:00","dateModified":"2025-03-24T08:27:55+00:00","breadcrumb":{"@id":"https://www.park-indigo.ch/de/secteur/vermietung-von-fahrzeugen/#breadcrumb"},"inLanguage":"de","potentialAction":[{"@type":"ReadAction","target":["https://www.park-indigo.ch/de/secteur/vermietung-von-fahrzeugen/"]}]},{"@type":"BreadcrumbList","@id":"https://www.park-indigo.ch/de/secteur/vermietung-von-fahrzeugen/#breadcrumb","itemListElement":[{"@type":"ListItem","position":1,"name":"Accueil","item":"https://www.park-indigo.ch/de/"},{"@type":"ListItem","position":2,"name":"Langsamverkehrs"}]},{"@type":"WebSite","@id":"https://www.park-indigo.ch/de/#website","url":"https://www.park-indigo.ch/de/","name":"INDIGO Suisse","description":"","publisher":{"@id":"https://www.park-indigo.ch/de/#organization"},"potentialAction":[{"@type":"SearchAction","target":{"@type":"EntryPoint","urlTemplate":"https://www.park-indigo.ch/de/?s={search_term_string}"},"query-input":{"@type":"PropertyValueSpecification","valueRequired":true,"valueName":"search_term_string"}}],"inLanguage":"de"},{"@type":"Organization","@id":"https://www.park-indigo.ch/de/#organization","name":"INDIGO Suisse","url":"https://www.park-indigo.ch/de/","logo":{"@type":"ImageObject","inLanguage":"de","@id":"https://www.park-indigo.ch/de/#/schema/logo/image/","url":"https://www.park-indigo.ch/wp-content/uploads/sites/8/2025/01/login-logo.svg","contentUrl":"https://www.park-indigo.ch/wp-content/uploads/sites/8/2025/01/login-logo.svg","width":223,"height":49,"caption":"INDIGO Suisse"},"image":{"@id":"https://www.park-indigo.ch/de/#/schema/logo/image/"}}]}</script>
<!-- / Yoast SEO plugin. -->
